+ m. Let c(f) = -f**3 - 12*f**2 + f + 9. Let h be c(-12). What is n(h)?
-5
Let j(z) = 0*z**2 - z + 3*z**2 - z**3 - 8*z**2 - 3. Determine j(-3).
-18
Let o(b) = 21*b - 6*b - 1 - 8*b - 6*b. Determine o(6).
5
Let v(m) = -7*m**3 + 11*m**2 + 2*m - 2. Let s(b) = -13*b**3 + 21*b**2 + 4*b - 4. Let l be ((-3)/(-6))/((-3)/(-36)). Let z(n) = l*s(n) - 11*v(n). Determine z(5).
8
Let l(c) = c**3 - 4*c**2 - c - 6. Let i = -16 - -20. Let s(p) = p**3 - 4*p**2 - 2*p - 6. Let a(o) = i*l(o) - 3*s(o). What is a(4)?
2
Let v(b) be the first derivative of b**3 - 3*b**2/2 + 2*b + 11. Let i = 6 + -4. Calculate v(i).
8
Let o be 14/(-6) + 2/6. Let c = o + 1. Let m(t) = 5*t**2 + t. Let q(f) = 5*f**2 + f. Let z(x) = -5*m(x) + 4*q(x). Give z(c).
-4
Let g(s) be the first derivative of -s**4/4 - 4*s**3/3 + 2*s**2 + 5*s + 35. What is g(-5)?
10
Let q(v) be the second derivative of v**4/12 - 7*v**3/6 + 2*v**2 - 7*v. What is q(5)?
-6
Let r(m) = m**2 - 7*m + 5. Let b be r(6). Let p = 2 - b. Let i(n) = -1 + p*n - 1 - n + 3*n**2. Determine i(-2).
6
Let n(h) = 3*h**2 + 5*h + 1. Let s(k) be the second derivative of 3*k**4/4 + 7*k**3/3 + 3*k**2/2 + k. Let y(j) = -11*n(j) + 4*s(j). What is y(-1)?
3
Let u be (-4)/(-1) + -4*6/24. Let w(o) be the first derivative of -u + o + 1/2*o**2. What is w(-5)?
-4
Let y(j) = 4 - 2 - 1 + 7 - j. Determine y(6).
2
Let f(j) = 2*j - 11. Let u be f(6). Let t(w) = 5*w**2 - w + 1. Determine t(u).
5
Let r(s) = -s**2 - s - 1. Let u(w) = -w**3 + 5*w**2 + 2. Let y(k) = -r(k) - u(k). Let h(x) = -x**2 - 8*x - 9. Let n be h(-8). Let j = -6 - n. What is y(j)?
-7
Suppose -2*f + 5 = -f - y, -3*y = -5*f + 23. Let o(a) = 4 - 4*a - f. Determine o(2).
-8
Suppose -2*g + 9 = -g - 5*p, -5*p - 1 = g. Let y(u) = 3*u - 5. What is y(g)?
7
Let v(g) = -g**3 - 4*g**2 + 7*g + 3. Let k(o) = -o**3 + o + 5. Let q be k(0). Suppose -27 = q*i - 2*c, -9 = i - 5*c + c. Determine v(i).
-7
Let b(y) = 6*y. Let f(v) = v**2 + 14*v - 5. Let s be f(-14). Let k(l) = 4 - l**3 - 5 - 6*l**2 + l**2. Let h be k(s). What is b(h)?
-6
Let a(k) = 4 - 2*k**2 + 5*k**2 + 4*k - 1 + k**3. Suppose 0 = 2*u - 2 + 8. What is a(u)?
-9
Let g(f) = f - 5. Let s be g(7). Let i(w) = 2 + 9*w + w**2 - w + 0*w**s + 0*w**2. Determine i(-4).
-14
Suppose 0 = h + 4*q - 7 - 2, -3*h - 21 = -4*q. Let s(z) be the third derivative of -z**4/12 - 2*z**3/3 + z**2. Determine s(h).
2
Let q(v) = v**2 - 6*v + 5. Let c be ((-6)/(-9))/(2/15). Calculate q(c).
0
Let l(w) = w + 7. Let y(b) = 3*b + 20. Let j(v) = 11*l(v) - 4*y(v). Let u(a) = -a**2 - 2. Let m be u(2). Determine j(m).
3
Let q = 146 + -218. Let u be q/(-6)*1/3. Let y(f) = f - 5. Determine y(u).
-1
Let h(p) = 14*p**2 - 12*p. Let j(i) = -5*i**2 + 4*i. Let u(a) = -4*h(a) - 11*j(a). Let v = 1 - -3. Suppose -3*z + 39 = 5*f - 1, -v*f - 5*z = -45. Give u(f).
-5
Let f be (-6)/14 - (-52)/(-91). Let a(p) = -10*p. What is a(f)?
10
Let j(c) = -9*c + c**2 - 2*c**2 - 4*c + 4 + 3*c. Let a be j(-10). Suppose 3*p - 20 = -4*x, 0 = -3*x + 4*p - a - 6. Let i(r) = -4*r + 3. Give i(x).
-5
Let w be 14*(2 + (-3)/2). Suppose 5*b = -0*b - 25. Let f = b + w. Let a(t) = -t**3 + 3*t**2 - t - 1. Determine a(f).
1
Let d(h) be the first derivative of -h**4/4 + 7*h**3/3 - h**2 - 7*h + 53. Determine d(6).
17
Suppose -3*u = -12, 2*u - 3*u + 1 = -3*d. Let k(m) = -10*m**2 + 5*m**3 + 9*m**2 - 2*m**3. Calculate k(d).
2
Suppose 5 = 3*k - 1. Let q(f) = -2*f**2 - 4*f**2 + 7 + 5*f**k + 6*f - 1. Give q(5).
11
Let m(a) = 2*a**2 + 3*a + 2. Let t(s) = 2*s**2 + 4*s + 3. Let h(v) = 6*m(v) - 5*t(v). Suppose 5*f + 1 = -24. Let n = f - -8. Calculate h(n).
9
Let n = -14 + 7. Let t(u) = 2*u**2 + 5. Let d(l) = 3*l**2 + 7. Let k(q) = n*t(q) + 5*d(q). Determine k(2).
4
Let y(c) = c**3 + 6*c**2 + 5*c + 1. Let w be (-3)/(-5) + 207/(-45). What is y(w)?
13
Let g(w) = -w**2 + 6. Suppose 5*q + 20 = -c, -q - 20 = 4*c + 4*q. Let x be g(c). Let h be (-70)/22 - x/(-33). Let s(b) = b**3 + 2*b**2 - b - 2. What is s(h)?
-8
Suppose -4*b = -3*h + 6*h + 17, 3*b + h = -9. Let g = 2 + b. Let s(z) = g + 0 + z - 1. What is s(5)?
4
Let a(p) = p**2 + 2*p. Let x be 63/(-5) - (-12)/20. Let r = x + 9. Determine a(r).
3
Let y be -7 - (0 + 1) - -11. Let u(s) = -s**3 - 4*s**2 + 3*s - 4*s + 8*s**2. Give u(y).
6
Let p(b) be the third derivative of -b**6/120 + 7*b**5/60 - b**4/24 - b**3/6 - 4*b**2. Suppose -3*w - 4*m + 29 = 0, -36 = -4*w - 2*m - 2*m. Give p(w).
-8
Let g(q) = -q**3 - q**2. Let v(n) = 5*n**3 + 10*n**2 + 2*n - 1. Let k(z) = 4*g(z) + v(z). What is k(-5)?
14
Let a be (-2)/(-7) + 52/14. Let r be (-19)/a - (-2)/(-8). Let i(g) be the first derivative of -g**3/3 - 5*g**2/2 + 3*g - 2. Determine i(r).
3
Suppose 4*y = -y + 2*p - 1, 5*y - 3*p = -4. Let k(c) = 5*c**3 + 3*c**2 + 3. Let l(q) = 5*q**3 + 2*q**2 + 2. Let f(t) = -2*k(t) + 3*l(t). Determine f(y).
5
Suppose -10 + 0 = 5*y. Let f(z) = 5*z - 2. Let a(c) = -11*c + 5. Let s(u) = 6*a(u) + 14*f(u). What is s(y)?
-6
Let i(w) = 4 - 12 + w + 0*w. Suppose 0*j + 2*j = 8. Suppose -j*c + 4 = u, 5*c + 4*u + u = 20. What is i(c)?
-8
Let t(p) = 2*p**3 + p**2 - 2*p - 1. Let h(i) = i**3 - i - 1. Let v(c) = -7*h(c) + 3*t(c). Determine v(4).
-8
Let s(d) be the second derivative of -d**7/2520 + d**6/144 - d**5/24 - d**4/6 - d. Let a(i) be the third derivative of s(i). What is a(4)?
-1
Let o(v) = 2*v + 2. Let p(d) = -d**2 - 7*d - 10. Let i be p(-4). Determine o(i).
6
Let h(z) be the first derivative of -z + 0*z**2 - 2 + 8/3*z**3. Suppose -n = j + 2*n + 14, 0 = 5*j + n. Determine h(j).
7
Let l(s) = -4*s**3 + s**2 + 7*s - 7. Let g(o) = 5*o**3 - 8*o + 8. Let u(j) = -5*g(j) - 6*l(j). Give u(-5).
-13
Let u(n) = -n**2 + 11*n - 11. Let i(w) = w**2 - 12*w + 12. Let f(r) = 2*i(r) + 3*u(r). Give f(7).
5
Let f(y) = -5*y**2 + 5*y - 2. Let c(n) = -11*n**2 + 10*n - 5. Let t(k) = 4*c(k) - 9*f(k). Let a(m) = 3*m. Let q be a(1). Suppose s + 8 = q*s. Give t(s).
-6
Let n(j) = -j**2 - 11*j + 4. Let a be n(-13). Let u = a + 17. Let v(f) = -f - 2. Determine v(u).
3
Let i(p) = -p**3 - 5*p**2 + 7*p + 9. Suppose 30 = 3*a - 8*a. Let h be i(a). Let m(u) = u**2 - u**3 + 3 + 3*u**3 - u**3 - h*u. What is m(-3)?
-6
Let f(i) = 17*i**2 + 1. Let x(m) = -m**2 - 10*m + 1. Let a(z) = -z**2 - 9*z + 1. Let o(w) = 5*a(w) - 6*x(w). Let v be o(-15). Give f(v).
18
Let f(a) be the first derivative of 2*a**3/3 - a**2 - a - 2. Let g be f(2). Let w(u) be the first derivative of -u**4/4 + u**3 - 2*u**2 + 3*u + 1. What is w(g)?
-9
Let i be 0*2/10 - 0. Let z(v) be the third derivative of -v**6/120 + v**4/24 + v**3/6 + 2*v**2. Determine z(i).
1
Let h(x) be the third derivative of 0*x - 2*x**2 - 1/30*x**5 + 0 - 1/12*x**4 + 1/30*x**6 - 1/6*x**3. Suppose 4 = -i + 3. Determine h(i).
-5
Let j(w) = -2*w + 10. Let u(c) = -c + 9. Let l(g) = -4*j(g) + 5*u(g). Determine l(-5).
-10
Suppose -3*w + 1 = -11. Let o(a) = a**3 - 5*a**2 + 3*a - 6. What is o(w)?
-10
Let p(n) = n**2 - 9*n - 1. Let a(q) = 3*q**2 - 26*q - 3. Let d = -19 - -27. Let o(s) = d*p(s) - 3*a(s). Suppose -c - 19 = -5*v - 3*c, 5*v - 22 = -c. Give o(v).
6
Let c(d) be the second derivative of d**5/60 - d**4/4 - d**2/2 + 2*d. Let o(k) be the first derivative of c(k). Let s be o(6). Let z(u) = u - 6. Determine z(s).
-6
Let o(q) = -6*q + 31 - 9*q - q. Let d(m) = 3*m - 6. Let l(x) = 11*d(x) + 2*o(x). Calculate l(3).
-1
Let p(z) = -z**3 - 8*z**2 - 5*z + 4. Suppose -9*x = -2*x + 49. Calculate p(x).
-10
Let r be 3 + -1 + (95 + -4)/(-7). Let m(i) = -i - 8. Calculate m(r).
3
Let g(n) = n**3 + 3*n**2 + 3*n + 5. Let h(x) = -2*x**3 - 7*x**2 - 7*x - 10. Let a(u) = 5*g(u) + 3*h(u). Calculate a(-5).
0
Let v(p) = p + 9. Suppose -2*o + 4 = -2*b, -4*b = -b - 3. Let l be (0 - -3 - o)/1. Calculate v(l).
9
Let y(a) = 2 - 1 - 2 - 1. Let r(i) = i + 2. Let o(q) = -2*r(q) - 3*y(q). Determine o(-5).
12
Let x be (1 + -2)/(4/32*-2). Let m(d) = -2*d + 2. Determine m(x).
-6
Suppose -5*j + 2 + 0 = -3*m, 2*j - 5 = -3*m. Let f(s) = s - 2*s + 2*s + m. Let i = -2 - 2. Calculate f(i).
-3
Suppose 6*m - 4*m - 8 = 0. Let r(y) = 5*y - 4*y**2 + 9 + 4*y**2 - y**2 - m. Suppose -c = -5*p - 2*c + 25, -20 = -4*p - 4*c. Calculate r(p).
5
Let s(m) = 13*m**3 - 28*m**2 + 11*m + 9. Let r(u) = -5*u**2 - 2 - 3*u + 5*u**2 + 8*u**2 - 3*u**3 - u**2. Let p(l) = -9*r(l) - 2*s(l). Determine p(6).
-6
Let l(b) = -b + 4. Let p be l(4). Let o(j) = -1 - 2 - 2 + j + 3. Give o(p).
-2
Let v b